 (-4)/(-26) - (-504)/104. Suppose 0 = -h*s - 3 + 13. Let p = 7 + s. What is the units digit of p?
9
Let b(i) be the second derivative of -i**2 + 0 + 1/2*i**4 + 1/6*i**3 + 3*i. What is the tens digit of b(-2)?
2
Let v be 129/12 - 15/20. Let r be (0 - (-1)/(-1))*0. What is the units digit of 9 + v/(-5) + r?
7
Let t(u) be the third derivative of u**4/24 - 11*u**3/6 - 6*u**2. Let q be t(20). Let h(n) = n**3 - 10*n**2 + 12*n - 7. What is the units digit of h(q)?
0
Suppose 434 = -3*j + 3380. What is the units digit of j?
2
Let d = 245 - 220. What is the units digit of d?
5
Let h = 130 - 123. Suppose h*a - 209 = 281. What is the units digit of a?
0
Suppose -2*y + 4 = 2*h, -1 - 7 = 3*h - 4*y. Suppose -f + h*f - 4*k = -107, 4*f - 5*k - 344 = 0. Suppose -4*v + f = 3. What is the tens digit of v?
2
Let o(t) = -68*t - 38. Let w = -85 - -81. What is the hundreds digit of o(w)?
2
Suppose h = 6*h - s - 2422, -4*s + 2412 = 5*h. What is the tens digit of h?
8
Suppose -23*f = -26*f + 6. Suppose o = 68 + f. What is the units digit of o?
0
Let f(k) be the second derivative of k**6/360 + k**5/40 - k**4/4 + 2*k**3/3 - k. Let t(r) be the second derivative of f(r). What is the units digit of t(-6)?
2
Let f be 130/(-8) + (-4)/((-16)/(-3)). Let g be 3/(1 - 1/(-2)). Let o = g - f. What is the units digit of o?
9
Suppose 0*b - 2*b = 4*b. Suppose 6*z - 1613 + 671 = b. What is the units digit of z?
7
Suppose 5*l - 1839 = 736. What is the units digit of l?
5
Let f(s) = -4*s + 9. Let u be -5 + (2 - 2) + 1. Let d be f(u). Suppose -p + 0*p - 2*w + d = 0, -4*w - 125 = -5*p. What is the units digit of p?
5
Let i(u) be the first derivative of u**2/2 - 8*u + 5. Let z be i(12). Suppose -z*y = -10 - 6. What is the units digit of y?
4
Suppose 0 = 115*q - 35450 - 20325. What is the tens digit of q?
8
Suppose 5*b - 4*l = 3*b + 1846, 3680 = 4*b - 4*l. What is the units digit of b?
7
Suppose 0 = 2*k - 2*y - 1891 - 1171, 0 = -3*k - 2*y + 4593. What is the tens digit of k?
3
Suppose 4*s = 11 - 3. Suppose -8 = 4*r - w, -s*r + 3*w = -2*w + 4. What is the units digit of 0 - (1 + r + -27)?
8
What is the tens digit of 1272/5 - 3/(-5)?
5
Suppose -10*b + 5*b + 5*d + 18900 = 0, -b + 3770 = -3*d. What is the units digit of b?
5
Let h be (6/5)/(2/(-5)). Let l be h - 0 - (1 + -4). What is the units digit of 1 + (3 + l - -59)?
3
Let x(t) = -20*t + 19. Let k be x(11). Let z = 523 + k. What is the units digit of z?
2
Let p = -7 - -16. Suppose 6*g = p*g - 33. What is the units digit of (-2)/(-11) - (-636)/g?
8
Let n(y) = -5*y**3 - 9*y**2 + 4*y - 52. Let c(z) = z**3 + 2*z**2 - z + 13. Let r(p) = 9*c(p) + 2*n(p). What is the units digit of r(0)?
3
Suppose 613*z = 616*z - 7392. What is the tens digit of z?
6
Let p(b) = -b**3 - 4*b**2 + 3*b - 13. Let g be p(-6). Suppose -45 - g = -2*h. What is the units digit of h?
3
Let c be (-144 + (-20)/5)*-3. Suppose -5*l + 701 + c = 0. What is the hundreds digit of l?
2
Let t = 86 + -84. Let f be (-3)/(-4) - 169/(-4). Suppose -2*a + 5*a - 139 = 4*v, t*v - f = -a. What is the tens digit of a?
4
Let s = 864 - 617. What is the tens digit of s?
4
Let g(i) = 42*i + 51. Let c be g(7). Suppose 4*a - c = -11*a. What is the units digit of a?
3
Let s(x) = -x**3 - 11*x**2 + 10*x - 2. Let l be 13*(-2 + 3 + -2). Let g(a) = -a**2 - 12*a + 1. Let c be g(l). What is the units digit of s(c)?
2
Suppose 4*u = -v + 5*v - 104, -3*u + 18 = v. What is the tens digit of (v/4 + -2)*10?
4
Suppose 40*p - 38*p - 486 = 0. Suppose -7*b + p = -4*b. What is the units digit of b?
1
Let t(x) be the second derivative of x**4/6 - x**3/6 + 32*x**2 + 9*x. What is the units digit of t(0)?
4
Suppose -5*i = -4*b - 183, 0*b + 174 = -4*b + 2*i. Let f be (19/2)/((-7)/b). Suppose -3*k - f = -4*k. What is the units digit of k?
7
Let o(x) = -x**3 - 3*x**2 + 6*x - 4. Let q be o(-4). Let c(p) = -10*p - 28. What is the tens digit of c(q)?
9
Let a = -562 + 1098. What is the hundreds digit of a?
5
Let j(u) = u**2. Let r(l) = -l**2 + 2*l - 1. Let b(a) = 2*j(a) + r(a). Let n be b(-3). Suppose -n*z + 41 - 9 = 0. What is the tens digit of z?
1
Let w be (-10 + 9)/(2/(-8)). Suppose 0 = -10*g + w*g - 18. What is the units digit of (1 - -2)*(-55)/g?
5
Let o(s) be the first derivative of s**4/4 + 7*s**3/3 + 3*s - 1. Let w = 10 + -17. What is the units digit of o(w)?
3
Suppose -4*t + 2308 = -2*g, -t + 559 = 11*g - 16*g. What is the units digit of t?
9
Let m = -19 - -18. Let d be (-12)/(-3) + m + 3. Suppose 2*k + 228 = d*k. What is the tens digit of k?
5
Suppose -2*r + 10 = -3*j, -5*r - 17 = 5*j + 8. What is the units digit of j*129/24*-2?
3
Suppose 88025 = 47*k + 14047. What is the thousands digit of k?
1
Suppose -23 = -6*t + 25. Suppose 0 = u - t + 1. What is the units digit of u?
7
Let c be (-1)/(-3) + (-1000)/(-6). Let n = c + -75. What is the units digit of n?
2
Suppose -1 = 10*s - 11. Suppose -7*y + 3*y = -o + 124, y - s = 0. What is the tens digit of o?
2
Let g be 0/2 - 2 - -210. Suppose 0 = 4*j - 68 - g. What is the tens digit of j?
6
Suppose -132*p + 140*p = 952. Let x(h) = 35*h. Let z be x(1). Suppose -5*k - z + p = 3*j, 5*k + 2*j = 86. What is the tens digit of k?
1
Let l(c) = -4*c**3 - 10*c**2 - 5*c - 14. Let z(n) = n**3 + 1. Let w(y) = -l(y) - 5*z(y). What is the units digit of w(10)?
9
What is the hundreds digit of 4/((-8)/(-1390)) - (16 + -19)?
6
What is the hundreds digit of (224/12)/((-14)/(-273))?
3
Let n = 64 - -27. Suppose 2*h - c - n = 76, h - 4*c - 66 = 0. What is the tens digit of h?
8
What is the tens digit of 2/(-3) - ((-1420)/6 + -8)?
4
What is the tens digit of 2550/(-136)*208/(-6)?
5
Suppose -7*f + 16*f - 6039 = 0. What is the hundreds digit of f?
6
Let j(k) = -7*k - 11. Let r be j(-5). Let v = 25 - r. What is the units digit of v?
1
Let l(v) = -679*v - 29. What is the tens digit of l(-4)?
8
Let p(m) = m**2 + 7*m + 36. Let d(u) = 2*u**2 + 15*u + 72. Let b(f) = -6*d(f) + 13*p(f). What is the tens digit of b(-11)?
4
Let k(r) = r**3 - 28*r**2 + 79*r + 45. What is the hundreds digit of k(27)?
4
Let b be 3/(-6) - (-2)/4*1. Suppose -4*t + t + 270 = b. What is the units digit of t?
0
Let h = 317 - -91. What is the units digit of h?
8
Let s(k) = -4*k. Let q be (-1 + -4)/(40/(-48)). Let z be s(q). What is the tens digit of z*(1 + 0 + -2)?
2
Suppose 5*g = -2*y - 2*y + 41, -13 = 3*y - 5*g. Suppose 2 = 2*d - y. Suppose d*w - 2*w = 11. What is the units digit of w?
1
Let u be (12/(-2))/((-6)/4). Suppose 0 = -2*l - u, -5*t = -3*l - 293 - 23. What is the units digit of t?
2
What is the hundreds digit of 900 - (-10 - (3 + -22))?
8
Let c(h) = 2*h - 3. Let w(l) = 1. Let o(b) = -3*c(b) - 21*w(b). Let t(a) = -1. Let m(x) = -o(x) + 18*t(x). What is the units digit of m(5)?
4
Let s(o) = o**3 + 58*o**2 - 125*o + 119. What is the tens digit of s(-59)?
1
Suppose 1323*z = 1326*z - 9444. What is the thousands digit of z?
3
Suppose -h = h - 6. Suppose 4*w + h = j + 3*w, j - 3 = 4*w. Suppose -5 = -5*u + 5*m, 5*u - j*m = -0 + 13. What is the units digit of u?
5
Suppose -4*y - 3*q + 218 = -1173, -1765 = -5*y + 5*q. What is the tens digit of y?
5
Suppose -54648 = -43*n + 30234. What is the hundreds digit of n?
9
Suppose t = b - 558, b + 4*b + 4*t - 2745 = 0. What is the hundreds digit of b?
5
Suppose -5*s - 5*y = -10, -3*y - 6 - 18 = -3*s. Let a(u) = -u + 7. Let x be a(s). What is the units digit of 7 - x/8*4?
6
Let b = 95 - 91. Suppose -b*v + 62 = -66. What is the units digit of v?
2
What is the units digit of (-2)/8 - (81939/44)/(-13)?
3
Suppose 0 = -78*r + 83*r - 1715. What is the units digit of r?
3
Let u be (-10990)/(-25) - 0 - 2/(-5). Let f = u - 211. What is the hundreds digit of f?
2
Let p(k) = k**2 - k. Let f be p(-1). Suppose 0 = -o + 1 + f. Suppose -g + 185 = o*q + 2*q, q + 5*g - 37 = 0. What is the units digit of q?
7
Let a = 1 + -1. Suppose -u + 0*u + 8 = a. Suppose 0 = 3*q - u*q + 20. What is the units digit of q?
4
Suppose -3*d + 2033 = -4*l, -d + l + 66 + 612 = 0. What is the hundreds digit of d?
6
What is the hundreds digit of (6/(-4))/(2 + (-1434)/716)?
5
Let g = 897 - -438. What is the units digit of g?
5
Suppose -u = u - 514. What is the tens digit of u?
5
Let l(x) = -497*x - 78. What is the units digit of l(-5)?
7
Let s(w) = -5*w**2 - 24*w + 7. Let j be s(-4). Suppose 4*o = 4*u + 64, -2*o - 2*o = -4. Let c = u